 5 + (-3 - -2)
3
What is (-2 - -9) + 7 + -7?
7
What is 4 + -1 + (27 - 29)?
1
Calculate (-2 - 4) + (3 - 10 - -18).
5
What is 5 - 1 - (13 + 4 + -16)?
3
Calculate (-5 - -9 - 0) + -4.
0
What is -8 - (0 - (1 + -4 - -7))?
-4
What is (0 - 7) + 12 + -2 + 5?
8
Evaluate -1 - (-3 + 0) - (686 + -682).
-2
What is (1 - 1) + 9 + -10?
-1
-1 - (-7 - 1) - 2
5
Calculate 5 + -5 + (0 - -4).
4
Calculate (-1 - -2) + (4 - 3) - 1.
1
What is the value of -11 - -13 - (2 + 4)?
-4
What is the value of (-1 - (-7 - -10) - 1) + 0?
-5
What is 0 + ((10 - -5) + -4 - 5)?
6
-1 + -3 - (4 - (-5 + 8))
-5
Evaluate 4 - (5 - -2) - 1 - 3.
-7
Evaluate -17 - (-10 + (2 - 2)).
-7
Calculate -2 + 2 + (-8 - -2 - -7).
1
Evaluate 9 - 9 - -1 - 9.
-8
Calculate 0 - (1 + -1) - (-9 - -10).
-1
Calculate (10 + -6 - 3) + 6.
7
What is the value of (-8 - (-1 - 1)) + (-3 - -8)?
-1
What is the value of -6 + 2 + 5 + -8?
-7
What is the value of (-1 - -6) + 3 + -6?
2
Calculate 2 + -15 + (24 - 17).
-6
What is (3 - -1) + 2 - (-1 + 3)?
4
Calculate -3 + (-3 - 0) + (6 - 2).
-2
What is the value of 1 + 0 + 41 + -46?
-4
What is the value of (19 - 11) + -8 + 8?
8
Evaluate 7 - (1 + 13) - (-3 - -4).
-8
Calculate -36 - -41 - (-2 + 4 + 1).
2
Calculate 1 - 2 - (-34 - -28).
5
1 - 0 - (2 - 8 - -4)
3
What is -4 + (-3 - -9) + -3?
-1
What is the value of 6 + (-7 - -6) + 0?
5
Evaluate -1 - -2 - (8 - (4 - 0)).
-3
What is 2 + 7 + -2 - (2 - -1)?
4
Evaluate 3 + 14 + -11 + 2 + -8.
0
What is 4 + -1 - (-2 - -2) - 7?
-4
What is the value of (-12 - -13) + (3 - (7 - 3))?
0
What is the value of 8 + (-9 - -5 - 4)?
0
What is the value of -7 - ((-14 - -13) + (2 - 0))?
-8
What is the value of (-2 - (0 - 3)) + -1?
0
What is the value of 3 - -3 - (-5 + 5)?
6
What is -1 - -5 - (1 - (2 + -10))?
-5
What is the value of 3 + -2 - (-5 - -6)?
0
Evaluate 1 + (10 + -3 - 3).
5
Evaluate -3 + 5 - (7 + -5).
0
Evaluate (-8 - -1 - -23) + -12.
4
What is the value of (3 + -4 - -4) + -1?
2
Calculate -83 - -87 - (-1 + (0 - -10)).
-5
Evaluate -22 + 23 + (-1 - (-6 - -1)).
5
What is (1 - 1 - (12 - 13)) + 3?
4
What is 3 + 0 + (-1 - -1) + -2?
1
Evaluate 2 + 2 - 1 - (39 + -33).
-3
Evaluate 5 + -17 + (6 - 1) - -17.
10
4 + -1 + (-2 - (-4 + 4))
1
Evaluate (1 - 1) + -1 + (-4 - -5).
0
Calculate -4 + 13 - (-2 + 12).
-1
9 + -14 + 3 - -10
8
What is 2 - -2 - (9 + -2 + -9)?
6
What is -2 - ((4 - 1) + (11 - 20))?
4
Calculate (0 - 6 - 0) + 13 + 2.
9
Calculate 1 + 4 + (-46 - -35).
-6
(-17 - -12) + (-1 - (-2 + 1))
-5
Evaluate -3 - (-1 + 2 + -4).
0
What is -3 - (2 + 1 + -2)?
-4
(11 - (10 - -5)) + 10
6
Calculate -8 + -1 - (-36 - -22).
5
Calculate (1 - -4) + (10 - 5 - 11).
-1
-9 + (6 - (-2 - 1))
0
Calculate -9 - -2 - (2 + -7).
-2
What is (1 - 2 - 1) + (-12 - -10)?
-4
What is the value of 6 - (5 + 3 + -4) - -3?
5
Calculate -4 - (6 - 7 - (0 - 1)).
-4
What is the value of (3 - 8 - 0) + (1 - -14)?
10
-5 + (6 - 6 - -3)
-2
9 - 0 - (-5 + 9)
5
What is the value of 1 + -1 - (3 - -1)?
-4
Evaluate 0 + (4 - (1 + -4 + 1)).
6
2 + -12 - (1 - 11)
0
Evaluate 11 + (-5 - (-4 + 5)).
5
Evaluate 1 + 0 + -5 + (3 - 4).
-5
What is (13 - (4 - -7)) + -7?
-5
-2 - (-1 + -4 - 2)
5
Evaluate -7 - -1 - -10 - (6 - -2).
-4
What is the value of 48 + -48 - ((-4 - 0) + 1)?
3
What is the value of -2 - ((-4 - -10) + -6)?
-2
What is (-9 + 9 - 6) + 10?
4
Calculate (2 - 2 - 2) + 0 + 7.
5
Calculate (-1 - -3) + 3 + (-3 - -1).
3
What is 2 + -1 + 6 + -5 + -3?
-1
What is the value of 7 + (-3 - -2 - 2)?
4
Calculate -2 - 4 - (-1 + 1 + 1).
-7
Evaluate (-1 - 1) + -6 + 3 + 3.
-2
What is the value of 0 - 1 - (-5 + -3)?
7
Evaluate 9 + -8 - (-4 + -1 - -4).
2
What is the value of -2 + -2 + 0 - (-11 + 6)?
1
What is 6 + -1 + (-8 - 6) + 0?
-9
Calculate 7 - 0 - (2 + -3 + 8).
0
What is 2 - -3 - 4 - -3?
4
-3 - -8 - (17 - 17)
5
Calculate 30 + -32 + -1 + 0 + 6.
3
Evaluate -3 - (4 - 9) - 1.
1
What is -5 - (10 + 0 + -9)?
-6
Calculate 2 + 2 + (-21 - -22).
5
What is the value of (-3 - (-4 - (-1 + 2))) + -2?
0
What is the value of 7 + 9 + -8 + 1 + -4?
5
-3 - (-10 + 6 + -1)
2
-2 - (1 - (4 - 0))
1
2 + (6 - -7) + -7
8
What is 4 + -4 - -4 - 10 - -3?
-3
What is the value of (-6 - 4) + -8 + 15?
-3
2 + 3 + (-1 - 2)
2
What is the value of (5 - 9 - -9) + 0?
5
Evaluate (-10 - 3) + 27 + -19.
-5
Evaluate -14 + 11 + (1 - -4).
2
What is the value of -2 + 1 + (-5 - 3 - -2)?
-7
-23 - (-1 + -9) - -9
-4
Evaluate 9 - (-3 + 11) - -5.
6
(-3 + -2 - -4) + -1 + 12
10
What is the value of (4 - (7 - 2)) + (5 - 1)?
3
What is the value of (4 + 7 - 1) + -15?
-5
Calculate 3 + 6 + -7 + 2.
4
Calculate 4 - (-9 + 4 + 11).
-2
What is 6 + 7 + (2 - 20)?
-5
Evaluate 2 + 0 + -1 + (-1 - -3).
3
What is 18 - 7 - (10 + -5)?
6
Evaluate (4 - (2 + 0)) + 0 - 0.
2
(-7 - 1) + (20 - 3) + -14
-5
What is 1 - (-19 + 9 + -3 + 7)?
7
(10 - (-4 + 4) - 7) + 1
4
Evaluate (28 - 23) + (-1 - 1).
3
What is the value of -4 - 0 - (-17 + 10 - -7)?
-4
What is (0 - 4) + (3 - -1)?
0
What is the value of 1 + 1 - (-6 - -5)?
3
Evaluate -9 - -6 - -11 - 9.
-1
Evaluate 6 + (4 - 4) + -2 + -3.
1
What is the value of 10 + -3 + -15 + 5?
-3
What is -7 + -6 + 1 + 17?
5
What is the value of -4 + 9 + -12 + 6 - -3?
2
Evaluate -3 + (-23 + 26 - (0 - -1)).
-1
What is the value of -4 + -7 + 16 - 9?
-4
What is the value of -19 + 15 + 6 + -4?
-2
Calculate -14 - ((-1 - 9) + -4).
0
What is the value of (4 - 1) + (-5 - (5 + -11))?
4
Evaluate -3 + 2 - (-19 + 15).
3
-2 + -2 + 4 + 0 + 4
4
What is -5 + (1 - (8 + 1)) + 21?
8
Evaluate 7 + (-8 - 2 - -7).
4
Calculate -9 - (-4 + -14 - -4).
5
Evaluate 6 - 14 - -6 - 2.
-4
Calculate -129 + 148 + -13 + -1.
5
(3 - 6) + -2 + 5 + 4
4
What is the value of 1 - (16 + -6) - -6?
-3
0 - ((3 - (0 + 5)) + 5)
-3
Evaluate 16 + -7 + -8 - (3 - 2).
0
Evaluate 5 + -5 + 2 + 2 + 4.
8
What is the value of 5 - (-13 + -2 + 6 + 5)?
9
Evaluate -4 - (-1 + 6 - (-4 - -18)).
5
(7 - 0) + -5 + -7
-5
Calculate -1 - -1 - 0 - (17 + -17).
0
Evaluate 20 + -12 + -18 + 4.
-6
10 - 3 - (-4 - -8)
3
Evaluate 4 + (-3 - (1 + (-3 - 2))).
5
Calculate -22 - -18 - (-3 + -3).
2
(-5 - 3) + 3 - -15 - 5
5
What is the value of 3 + 4 + -1 - 6 - -4?
4
What is (-3 - (1 + 3)) + (-15 - -22)?
0
Calculate (0 - 1 - -8) + (3 - 5).
5
What is (5 - (2 - -2)) + (1 - -2)?
4
Evaluate -8 + (0 + -2 - -7).
-3
Calculate 28 - 33 - (-10 + 0).
5
Calculate (4 - -1) + 6 + -12 + -4.
-5
5 + -1 + -14 - -8
-2
What is -1 - (7 + -16 - -13)?
-5
Evaluate (-4 - (-4 - 2)) + -7.
-5
Evaluate 2 - (1 - -3) - (-5 + 1).
2
What is -3 - (-2 - -2 - 0)?
-3
Calculate -90 - -91 - (-6 - (2 - 2)).
7
What is -7 - (-6 - (2 + -2))?
-1
What is -25 + 28 - (2 - (-2 + 4))?
3
What is 2 + (26 - 7) - 6 - 6?
9
What is (-7 - 3) + 6 - (-1 + -2)?
-1
What is the value of -75 + 80 - (-1 + 9)?
-3
What is the value of 2 + -2 + -1 + (-3 - -6)?
2
What is 0 - (-6 + -5 + 7)?
4
Evaluate 1 + 1 - (-4 + -2 - -6).
2
Evaluate -8 + (-10 - -12) - -13.
7
What is 90 + -97 + (2 - 2 - -17)?
10
What is the value of (-3 - -7) + 0 - 0?
4
Evaluate -4 + -1 + 3 + 8 + -3.
3
What is the value of -9 + 2 + 3 - (0 - 4)?
0
Evaluate 14 + -2 - (64 - 55).
3
What is the value of 1 - (2 - (-3 - 4) - 5)?
-3
4 - (-2 + 8) - (4 + -3)
-3
5 + (-1 - 1) + -6
-3
(-2 - (0 + -1)) + -32 + 28
-5
-2 - (7 + (4 - 12))
-1
What is the value of -4 - (-7 - -8) - 3?
-8
What is 2 - 1 - (5 - -1 - 5)?
0
-1 - -4 - ((-5 - 2) + 11)
-1
Evaluate (-7 - -2) + (5 - 1).
-1
What is the value of (-7 - 1 - 2) + 9?
-1
Evaluate 1 + -8 + 3 - -3.
-1
What is the value of -2 + -2 - (-18 + 15)?
-1
-5 + -6 - (-1 - -1 - 4)
-7
Evaluate 14 + 16 + -34 + (-1 - -5).
0
Evaluate 7 - (-1 - -3) - 5.
0
-2 - (3 + -2 - 6)
3
What is 3 + 2 + 0 - 5?
0
What is the value of 1 + (5 + 3 - 4) - 0?
5
What is the value of -20 + 18 + 2 + 6 + 0?
6
-1 + 15 + -10 - 2
2
Calculate (-8 - -5) + (8 - 0).
5
Calculate -4 - -6 - (-7 + 0 + 13).
-4
Calculate 4 + -3 + (-7 - -4).
-2
What is (-17 - (4 + -8)) + (-46 - -52)?
-7
Evaluate (-5 - (-2 + 2)) + 14 + -6.
3
What is the value of 4 + (-13 - 2) + 6?
-5
Calculate 8 + 11 + -17 - 4.
-2
Calculate (6 - (6 + 0)) + (-1 - 4).
-5
-5 + 7 + (1 - 0) - 7
-4
Calculate 5 + (-2 + 0 - (0 - 2)).
5
What is -1 + -5 + (-10 - (-18 - -6))?
-4
0 + ((-1 - 3) + 0 - -8)
4
Evaluate -16 + 24 - (-1 - -5).
4
Evaluate (2 - -7) + (-19 - -5).
-5
Evaluate 10 - (-1 - -9) - (-1 - -1).
2
Calculate -5 - (-10 + 3 + 13 - 11).
0
Evaluate 24 + -29 + (1 - (-6 + 2)).
0
(3 + 2 - (8 + 1)) + 6
2
-10 + 8 + (-4 - (0 - 1))
-5
What i